 - 840*n + 130. What is g(25)?
380
Let o(z) = -z**3 - 4048*z**2 + 9*z + 17. What is o(0)?
17
Let s(z) = 225*z + 30744. Give s(-138).
-306
Let u(v) = 139*v**3 + 12*v**2 - 67*v + 27. Give u(2).
1053
Let h(q) = -422*q + 1553. Give h(3).
287
Let b(c) = 44*c**3 + 40*c**2 + 43*c - 273. What is b(5)?
6442
Let h(l) = -l**3 + 52*l**2 + 1044*l - 6377. What is h(5)?
18
Let w(j) = -1082*j - 207744. Determine w(-192).
0
Let h(n) = 468930*n - 6096094. Calculate h(13).
-4
Let m(o) = -o**3 - 168*o**2 + 316*o - 3656. Give m(-170).
424
Let y(c) = 10322*c + 898011. What is y(-87)?
-3
Let s(g) = 1713*g - 126816. Calculate s(74).
-54
Let x(g) = 7110*g + 21279. Determine x(-3).
-51
Let s(a) = -10666*a - 906593. Calculate s(-85).
17
Let k(f) = -f**3 - 211*f**2 + 1949*f - 1564. What is k(8)?
12
Let g(y) = -y**2 + 695*y - 4133. What is g(689)?
1
Let q(y) = 2*y**3 - 194*y**2 - 206*y + 907. Calculate q(98).
-73
Let g(x) = -x**2 + 32123*x - 256936. What is g(8)?
-16
Let h(r) = -r**3 - 172*r**2 - 1167*r - 19. Determine h(-7).
65
Let y(v) = 452*v**2 + 26226*v - 47. What is y(-58)?
-627
Let s(b) = 1338*b - 1050375. Determine s(785).
-45
Let y(j) = 2540*j - 71204. What is y(28)?
-84
Let j(t) = 29*t**2 + 417*t - 1631. Determine j(4).
501
Let f(s) = -2*s**2 + 3229*s - 47926. Calculate f(15).
59
Let b(u) = -u**3 - 117*u**2 - 745*u - 43. Calculate b(-7).
-218
Let k(u) = -11562*u + 3584213. Determine k(310).
-7
Let v(z) = -151546*z + 151522. Calculate v(1).
-24
Let u(c) = 7395*c + 1508595. Calculate u(-204).
15
Let t(o) = -19*o**2 - 10*o + 3350. Calculate t(13).
9
Let k(u) = 2*u**3 + 284*u**2 + 428*u + 20537. What is k(-141)?
-49
Let l(v) = -468*v + 70742. What is l(153)?
-862
Let t(l) = l**3 - 62*l**2 - 573*l - 4855. Calculate t(71).
-169
Let x(m) = 15*m**2 + 15262*m + 121147. Give x(-8).
11
Let u(x) = 42488*x + 4206318. What is u(-99)?
6
Let o(m) = -78126*m + 1484328. Calculate o(19).
-66
Let t(s) = 3*s**3 - 337*s**2 - 3535*s - 367. Determine t(122).
-1
Let v(f) = -7*f**2 + 1442*f + 7190. What is v(-5)?
-195
Let v(h) = -14*h + 1403. What is v(73)?
381
Let m(v) = 79025*v + 552795. Determine m(-7).
-380
Let o(k) = k**3 - 251*k**2 + 2863*k + 1231. Calculate o(239).
36
Let v(h) = -3*h**3 + 30*h**2 + 28*h - 131. What is v(12)?
-659
Let o(t) = 6*t**3 + 12*t**2 - 89*t - 221. Give o(-2).
-43
Let n(q) = -q**3 + 4*q**2 - 2339*q + 21464. Determine n(9).
8
Let k(t) = 7*t**2 + 235*t + 908. What is k(-29)?
-20
Let r(f) = f**3 - 34*f**2 + 89*f + 551. Calculate r(29).
-1073
Let b(t) = 369*t + 18071. Determine b(-50).
-379
Let h(s) = s**3 - 167*s**2 - 619*s - 41477. What is h(172)?
-25
Let h(y) = -1788*y + 254434. Calculate h(142).
538
Let u(k) = k**3 - 219*k**2 - 671*k + 776. Give u(222).
-334
Let h(y) = -y**3 + 315*y**2 + 6*y - 1929. Calculate h(315).
-39
Let b(t) = t**2 + 607*t - 72273. Give b(102).
45
Let l(h) = 4305*h - 2837132. What is l(659)?
-137
Let g(o) = 935*o + 14901. Give g(-15).
876
Let g(f) = f**3 + 31*f**2 - 259*f + 381. Give g(-38).
115
Let a(x) = -792*x**2 + 2388*x + 7851. Determine a(5).
-9
Let n(v) = 598*v**2 + 99*v + 16. Calculate n(-1).
515
Let k(u) = u**3 + 3*u**2 + 230*u + 4524. Determine k(-16).
-2484
Let f(h) = h**3 + 81*h**2 - 1020*h - 719. Determine f(-92).
17
Let i(k) = -k**3 + 46*k**2 - 335*k - 22. Calculate i(37).
-96
Let c(m) = 2*m**3 + 32*m**2 + 665*m + 11876. Determine c(-17).
-7
Let p(m) = 18*m**3 + 114*m**2 + 188*m + 313. Give p(-5).
-27
Let o(f) = -242*f**2 - 2592*f - 1731. Calculate o(-10).
-11
Let y(x) = 19*x**3 + 7219*x**2 + 7215*x - 3. Calculate y(-1).
-18
Let h(s) = 547*s - 106150. What is h(194)?
-32
Let g(k) = k**3 + 7*k**2 - 450*k - 1003. Give g(-24).
5
Let g(o) = -o**3 + 839*o**2 - 4161*o - 54. What is g(5)?
-9
Let q(l) = -l**2 + 64717*l - 258859. What is q(4)?
-7
Let c(l) = -l**3 + 18*l**2 - 109*l + 2048. What is c(17)?
484
Let c(f) = f**3 + 96*f**2 + 396*f + 10884. Give c(-93).
3
Let p(m) = -4*m**2 - 99*m - 79. Determine p(-23).
82
Let r(q) = 73*q + 6597. Determine r(-92).
-119
Let l(h) = -2*h**2 - 250*h + 38703. What is l(-215)?
3
Let n(q) = 789*q**3 + 2*q**2 - 74*q + 71. What is n(1)?
788
Let k(q) = -4810*q - 317599. Give k(-66).
-139
Let s(z) = 23598*z + 424773. Give s(-18).
9
Let g(d) = -1764*d**2 - 8768*d + 268. Give g(-5).
8
Let f(s) = 2*s**2 + 312*s - 5019. What is f(-171)?
111
Let d(u) = u**3 - 11*u**2 + 49*u - 146. Give d(3).
-71
Let y(z) = 15960*z + 686280. Give y(-43).
0
Let x(a) = -a**3 + 53*a**2 - 518*a + 7. Give x(40).
87
Let g(y) = -62503*y - 187502. Determine g(-3).
7
Let w(a) = -33217*a - 365512. Calculate w(-11).
-125
Let m(w) = 3*w**2 + 516*w - 52714. Give m(72).
-10
Let f(m) = 19271*m + 1965645. Give f(-102).
3
Let d(x) = 1440*x**3 + 4*x**2 + 9*x - 14. Give d(1).
1439
Let f(i) = 30*i + 1665. Determine f(-58).
-75
Let q(c) = 271655*c + 21460751. Give q(-79).
6
Let y(g) = -2311*g + 1227131. What is y(531)?
-10
Let l(w) = 64*w**2 - 2943*w - 13. Calculate l(46).
33
Let x(p) = 21*p + 400. Calculate x(-81).
-1301
Let w(u) = 81363*u + 81367. What is w(-1)?
4
Let x(z) = 4*z**3 + 16*z**2 + 22*z + 141. Calculate x(-4).
53
Let h(r) = -4*r**3 + 85*r**2 + 431*r - 9491. Calculate h(21).
1
Let a(g) = g**3 - 184*g**2 + 939*g - 92. Give a(5).
128
Let q(f) = 93497*f + 1869934. Determine q(-20).
-6
Let q(h) = 184*h + 5287. Calculate q(-27).
319
Let j(c) = -16285*c - 277092. Determine j(-17).
-247
Let c(q) = -15*q**3 + 498*q**2 - 100*q + 16. Give c(33).
-17
Let b(p) = -2*p**3 + 3*p**2 - p - 54. Give b(-4).
126
Let r(d) = -d**3 + 86*d**2 - 2887*d + 258720. Determine r(87).
-18
Let v(l) = -10523*l - 273145. Give v(-26).
453
Let n(y) = -6*y**3 - 3*y**2 + 16*y + 25. Calculate n(7).
-2068
Let n(f) = -2*f**3 + 47*f**2 - 8*f - 407. Determine n(23).
-62
Let u(y) = -21066*y**2 - 105334*y - 28. Give u(-5).
-8
Let s(p) = p**3 - 147*p**2 + 2076*p + 267. Determine s(15).
1707
Let z(w) = -111*w**2 - 483*w - 157. Determine z(-4).
-1
Let i(l) = 6*l**3 + 6*l**2 + 11*l - 6. What is i(-4)?
-338
Let a(m) = 4*m**3 + 22*m**2 - 72*m - 123. Calculate a(-8).
-187
Let s(j) = 125*j**2 - 12996*j + 131. Determine s(104).
547
Let k(q) = 8*q**3 - 19*q**2 + 19*q - 21. What is k(1)?
-13
Let h(c) = -8*c**3 - 56*c**2 - 37790*c - 264534. What is h(-7)?
-4
Let s(d) = -2*d**3 - 3*d**2 - 875*d - 2632. Calculate s(-3).
20
Let q(z) = 4*z**2 - 6576*z + 98327. Give q(15).
587
Let g(v) = -v**2 - 170*v + 1675. Determine g(12).
-509
Let o(c) = -436474*c - 2182327. What is o(-5)?
43
Let p(g) = -292290*g - 27475276. What is p(-94)?
-16
Let m(t) = t**3 + t**2 + 4*t + 50. Determine m(-5).
-70
Let b(y) = -y**2 - 157*y - 6247. Calculate b(-65).
-267
Let d(q) = -q**3 + 20*q**2 - 226*q - 5261. Determine d(-10).
-1
Let b(m) = -m**2 - 1421*m - 488975. Determine b(-585).
85
Let l(z) = -250*z**2 + 1219*z + 100. Determine l(5).
-55
Let h(x) = -20*x**2 - 76*x + 837. Calculate h(-8).
165
Let y(j) = -3*j**3 + 311*j**2 + 118*j - 532. Determine y(104).
924
Let r(p) = 1956*p - 60710. What is r(31)?
-74
Let f(n) = n**3 - 9*n**2 - 45*n + 161. What is f(3)?
-28
Let o(i) = i**3 - 19*i**2 + 922*i - 15141. Determine o(16).
-1157
Let p(n) = 2*n**3 - 81*n**2 + 339*n - 8664. What is p(39)?
-6
Let f(i) = -5*i**2 - 40*i + 7171. Give f(-41).
406
Let q(p) = -6955*p + 312981. What is q(45)?
6
Let i(j) = j**3 + 68*j**2 + 63*j - 4468. Give i(-66).
86
Let d(u) = 1884*u + 60293. Give d(-32).
5
Let u(c) = -749*c + 38491. Give u(51).
292
Let r(l) = -58*l - 179. What is r(-14)?
633
Let s(k) = 2211*k - 92861. What is s(42)?
1
Let l(o) = o**3 + 10*o**2 - 59*o - 165. Determine l(-4).
167
Let n(x) = 5*x**2 + 949*x - 3828. Determine n(-194).
246
Let k(r) = 11935*r + 35826. Determine k(-3).
21
Let f(m) = 5*m**2 + 121*m - 101381. Determine f(-155).
-11
Let s(y) = -3898150*y. Determine s(0).
0
Let f(u) = -u**2 - 1636*u - 22687. What is f(-14)?
21
Let y(d) = -4360*d**2 + 161317*d + 107. Give y(37).
-4
Let y(h) = 2*h**3 - 7*h**2 + 1485*h - 10195. Calculate y(7).
543
Let y(j) = 83*j + 2440. Calculate y(-27).
199
Let h(d) = 159*d**2 + 68844*d - 1296. What is h(-433)?
3
Let w(r) = r**2 - 2040*r + 219564. Determine w(114).
0
Let w(z) = 4896*z + 15009. What is w(-3)?
321
Let i(l) = 646*l + 37877. What is i(-58)?
409
Let k(f) = 44*f**2 - 55*f - 97. Determine k(-1).
2
Let u(d) = 21849*d + 327455. What is u(-15)?
-280
Let l(s) = -s**3 - 39*s**2